ine w(c).
-7
Let a(c) = -13*c**2 - c - 1. Suppose -65*n - 15 = -70*n. Suppose n*d = 5 - 8. Calculate a(d).
-13
Let x(k) be the first derivative of -1 + 1/2*k**2 + 5*k. Give x(-9).
-4
Let t = 21 - 32. Let n(u) be the second derivative of -u**3/3 - 25*u**2/2 + 16*u + 1. Calculate n(t).
-3
Let z(f) = 186*f - 927. Let v = -31938 + 31943. Determine z(v).
3
Suppose 16*v + 769440 = 21*v. Let q(f) = v - 153888 + 11*f. Determine q(-1).
-11
Let s(r) be the second derivative of -r**5/20 + 17*r**4/12 - 4*r**3 + 29*r**2 + 9047*r. Give s(16).
-70
Let j be (-33)/(-132) - (-142)/8. Suppose -5*d + j + 11 = 2*h, 4*d - 14 = 3*h. Let a(k) = k**3 + 2*k**2 + k - 2. Calculate a(h).
16
Let y(s) = s**2 + 2*s - 3. Let t(w) = 9*w**2 - 7*w + 4. Let u be t(2). Let h be u/169 + (-100)/(-26). Let q be -1*(h - (-51)/(-15))*5. Calculate y(q).
0
Let j be (134/(-13))/(-2) + (-422)/2743. Let c(i) = i**3 - 6*i**2 + 8*i - 22. Determine c(j).
-7
Let r(y) = -41 - 8906*y + 29 - 42 + 8894*y. Calculate r(-6).
18
Let l(g) = g**3 + 7*g**2 - 6*g + 4. Let j = -92 + 111. Suppose -2*u = -2, 4*r + 4*u = -j - 9. Give l(r).
-12
Let q(b) = b**2 - 34*b - 109. Let l be q(37). Let u(n) be the second derivative of -n**4/12 - n**3/3 - 85*n. What is u(l)?
-8
Let g(y) be the second derivative of y**5/20 + 3*y**4/4 - y**3/6 + 2*y**2 + y. Let f be g(-9). Let b(a) = -6 - 3*a + 17*a - f*a. What is b(5)?
-1
Let w = 143 + -68. Suppose -79*m = -w*m. Let o be (-3 - m) + -2 - 1. Let c(t) = t**2 + 8*t + 3. What is c(o)?
-9
Suppose -187 = 6*i - 169. Let x(t) = 3*t**2 - 4*t - 14. Determine x(i).
25
Let d(o) be the second derivative of o**5/20 - 5*o**4/12 + 5*o**3/6 - 2*o**2 - 5492*o. Determine d(4).
0
Let v = -14 - -16. Suppose 3*c - g = -2*c - 67, 36 = -v*c + 5*g. Let x(h) = h + 7. Let i be x(c). Let j(y) = -y**3 - 6*y**2 - y + 1. What is j(i)?
7
Let m(b) = -2*b**3 - 11*b**2 + 173*b + 893. Let u be m(-5). Let r(s) be the second derivative of 1/2*s**u + 0 + 1/12*s**4 + 3/2*s**2 - 22*s. What is r(-2)?
1
Suppose 2 + 1 = -3*y. Let j(x) be the second derivative of 3*x**5/5 - x**4/12 - x**3/6 + x**2/2 + 1093*x - 1. Determine j(y).
-11
Let f(h) = 2*h**3 - h. Let g(a) = a**3 + 2*a**2 - 2*a - 6. Let p be g(-4). Let j = -29 - p. Suppose j + 4 = -i, -15 = -5*q + 5*i. Calculate f(q).
-14
Let p(g) = g. Let r = -528 + 349. Let d = 174 + r. What is p(d)?
-5
Let u = 7 + -5. Let q be 2/1 - (27 - 1775). Let y(c) = 1 + 874*c - q*c + 872*c. Calculate y(u).
-7
Let m(s) be the first derivative of -s**3/3 + s**2/2 + 10*s - 218442. Let b(g) = 8*g**3 - 2*g**2 + 2*g - 1. Let f be b(1). What is m(f)?
-32
Let l(y) = -79*y - 70. Let t(z) = -29*z - 25. Let u(h) = 3*l(h) - 8*t(h). Suppose -10 - 6 = -4*q. Let s be 4*1/q*-7. Determine u(s).
25
Let t(p) = -8*p - 6. Let i(a) be the second derivative of 1/2*a**3 + a**2 + 0 + 6*a. Let f(d) = -11*i(d) - 4*t(d). What is f(5)?
-3
Let q(a) = -3*a**3 - a**2 - 37*a + 1. Let y(x) = -7*x**3 - 2*x**2 - 75*x. Let n(p) = 9*q(p) - 4*y(p). Let z be n(6). Let l(t) = -t - 20. Give l(z).
-11
Let b be -2*((-4)/(-20) - 16/5). Let f(g) = g - 7038 - 7031 + 14057. Determine f(b).
-6
Let z(t) = -3. Let f(q) = q**2 - 8*q + 15. Let n(i) = -f(i) - 3*z(i). Let s = 11 + -11. Suppose s = -3*u + 6 + 12. Calculate n(u).
6
Let a be (-1674)/(-15) + (0 - 8/(-20)). Let y(i) = -211*i**2 + 10 + 100*i**2 - 9*i + a*i**2. What is y(8)?
2
Let q(b) be the third derivative of -b**6/120 - 13*b**5/60 - b**4/2 - 7*b**3/6 - 57*b**2. Calculate q(-12).
-7
Let k(p) = -3*p - 27. Let x be k(-10). Let f(u) = 5*u + x - 2*u - 4 - 1. Suppose 0*c + 2*c = -4. Determine f(c).
-8
Let i(o) be the third derivative of -1/3*o**4 - 11/60*o**5 - 1 + 7/3*o**3 + 0*o - 1/120*o**6 + 32*o**2. Determine i(-10).
-6
Let f(a) = a**2 + 4*a - 26. Let r be f(-8). Let x(y) be the second derivative of y**4/6 - 4*y**3/3 + 3*y**2 + 55*y. What is x(r)?
30
Let j be (-4 - 2)/6*-1. Let x(f) = 5*f**2 + 5*f**2 + 13*f**2 - 6*f**2. What is x(j)?
17
Let d(h) = -11*h**3 + 2*h**2 + 55*h - 26. Let q(t) = 9*t**3 - 2*t**2 - 44*t + 26. Let k(l) = -4*d(l) - 5*q(l). What is k(0)?
-26
Let w(l) = -l**3 - 4*l**2 + l - 2. Let s(y) = 10*y + 34. Let x be s(-3). Suppose 4*c = 6*u - 7*u - 14, x*u = -4*c - 8. What is w(c)?
-6
Let g = -10 + 3. Let m(t) = 8*t - 3. Let s(z) = 33*z - 2. Let d(w) = 4*m(w) - s(w). Calculate d(g).
-3
Let o(q) be the third derivative of 0*q + 136*q**2 + 0 + 1/3*q**3 - 1/24*q**4 - 1/12*q**5. Calculate o(-2).
-16
Let w(j) = 12*j - 18. Let d be 6/(-18)*(-7 + 7). Determine w(d).
-18
Let u = -379/3 - -380/3. Let n(a) be the first derivative of 0*a + 5/2*a**2 - 5 + u*a**3. Calculate n(-4).
-4
Let f(n) = -4*n. Let w(i) = -i**3 + 36*i**2 + 41*i - 129. Let t be w(37). Suppose 9*d = 28 - t. Give f(d).
-4
Let b(r) be the third derivative of r**5/60 - r**4/12 + 2*r**3/3 + 2*r**2 + 2*r + 471. Determine b(5).
19
Let z(y) = 4*y - 5*y**2 - 891 + 13*y**2 + 887. Give z(3).
80
Let a be (0 - 6/(-10))/((-273)/(-1365)). Let f(b) be the second derivative of 1/12*b**4 - 17/2*b**2 + 1/6*b**a - 7*b + 1/20*b**5 + 0. Give f(0).
-17
Let z(k) be the third derivative of k**6/120 + k**5/30 - 5*k**4/24 - k**3/3 + k**2. Suppose 6*j = -4*j + 5630. Let u = -566 + j. What is z(u)?
4
Let m(f) = -2*f + 2284. Let x(c) = -10*c + 12180. Let i(t) = 16*m(t) - 3*x(t). Suppose -4*v = v - 30. What is i(v)?
-8
Let d = 3 - 4. Let y(m) = -57163*m**3 + 4*m + 57137*m**3 - 2*m**2 - 1 - 6*m. Determine y(d).
25
Let f(b) = 3*b - 4. Let r be (1 - (2 + -3))*2. Suppose 2 + r = 3*a. Suppose 0 = a*v, -3*v = 3*z - 0*v + 9. Give f(z).
-13
Let m(w) = -5*w**3 + 14*w**2 + 21*w - 22. Let z(p) = 39*p**3 - 108*p**2 - 167*p + 175. Let l(h) = 31*m(h) + 4*z(h). Give l(2).
0
Suppose -34*i - 3*x + 277 = -29*i, 0 = 4*i + 4*x - 236. Let t(g) = -g**2 + 47*g + 150. What is t(i)?
0
Suppose -2*l = -3*l + 4. Let j(s) = -7*s**3 + 4*s**2 - 15*s + 6. Let d(i) = -17*i**3 + 8*i**2 - 34*i + 13. Let q(c) = 2*d(c) - 5*j(c). Calculate q(l).
24
Let u(z) be the second derivative of -3*z + 5/2*z**2 - 1/12*z**4 - 1/3*z**3 + 3. Give u(-3).
2
Let k(q) be the second derivative of -q**5/20 - 3*q**4/4 - 5*q**3/2 + 5*q**2 - 932*q. What is k(-7)?
17
Suppose -4 = -3*l + x + 14, -3*x = -9. Suppose 3*o - 8 - 1 = 0. Let p(i) = -1 - 68*i**3 - i + 67*i**3 + 4*i**2 + o*i**2. Calculate p(l).
-8
Let y(c) = -c**2 - 6*c - 12. Let t = 211 + -201. Let w be (184/20)/(-2) - 4/t. Calculate y(w).
-7
Let w(n) = 3*n - 6. Let l(q) = 2*q**2 - 25*q + 13. Let f be l(12). Let x be f*5*21/35. Determine w(x).
3
Let g(m) = -4*m**2 - 22*m - 11. Suppose -6*p = -5*u + 11, -3 - 7 = -4*u + 5*p. Give g(u).
-1
Let z be 10*((-6)/(-12))/(2/4). Let n(f) = -f**2 + 8*f + 27. Determine n(z).
7
Let n be (30/(-16) - -2) + 18/(-144). Suppose n = 39*t - 8*t + 217. Let h(i) = i - 8. Give h(t).
-15
Let c(r) be the first derivative of r**3/3 + 11*r**2 - 19*r - 1830. Give c(-23).
4
Let z(r) = 0 - 18*r + 0 + 17*r. Let f(m) = m**2 - 11*m + 3. Let i(q) = f(q) - 5*z(q). Calculate i(5).
-2
Let d(f) be the third derivative of -f**4/12 - f**3/6 - 11*f**2. Suppose -l - p = 2, -3*l - 4*p - 10 = -2*p. Let g be l*(-2)/(-4)*(-2)/(-2). Calculate d(g).
5
Let k be 636/(-132) - 16/88. Let q(d) = 2*d**3 + 10*d**2 + 4*d + 12. Calculate q(k).
-8
Let n be 97*(1*4 - (2 - -1)). Let z = -97 + n. Let g(m) = m**3 - m**2 + 3. What is g(z)?
3
Let y(t) = t**3 - 8*t**2 - t + 37. Suppose 6*l + 1991 - 2033 = 0. What is y(l)?
-19
Let q(h) = -67*h + 5. Let g(c) = -152*c + 9. Let k(v) = -3*g(v) + 7*q(v). Calculate k(5).
-57
Let r(y) be the second derivative of -y**7/2520 - y**6/180 + y**5/30 + 43*y**4/12 + 66*y. Let b(p) be the third derivative of r(p). Calculate b(-5).
-1
Suppose 51 = 26*n + 134 + 177. Let q(m) = -m**3 - 9*m**2 + 7*m - 24. Give q(n).
6
Let g be 1/5*0/56. Let x(z) be the first derivative of 21 + g*z**2 + 1/4*z**4 - 1/3*z**3 - 13*z. Give x(0).
-13
Let p(n) = -5*n**3 - 9*n**2 + 4*n - 25. Let h(w) = -w**3 - 2*w - 2. Let s(o) = 6*h(o) - p(o). What is s(7)?
-1
Suppose -2*b + 4*u = 31 - 79, 0 = -5*b + 5*u + 90. Let k(g) = -6*g - 11. Calculate k(b).
-83
Let z(k) = k**2 + 5. Let t(m) = -m**2 + 4. Suppose 0 = -8*n + 5*n + 45. Let u = n + -13. Let v be t(u). What is z(v)?
5
Let l(a) = -2*a**2 + a. Let y(v) = v**2. Let s(r) = l(r) + 4*y(r). Suppose 75*c = 74*c - 5. Let u be (10 + -2 + c)*-1. Give s(u).
15
Let c = 10 - 16. Let t(x) be the third der